{"id":2306,"date":"2023-06-21T21:26:02","date_gmt":"2023-06-21T19:26:02","guid":{"rendered":"https:\/\/www.luo-darmstadt.de\/schreibkunst\/?page_id=2306"},"modified":"2023-07-08T16:24:02","modified_gmt":"2023-07-08T14:24:02","slug":"jahr2023","status":"publish","type":"page","link":"https:\/\/www.luo-darmstadt.de\/schreibkunst\/literaturpreis\/jahr2023\/","title":{"rendered":"LuO-Literaturpreis 2023"},"content":{"rendered":"<p><img loading=\"lazy\" decoding=\"async\" class=\"alignnone size-medium wp-image-2308\" title=\"\" src=\"https:\/\/www.luo-darmstadt.de\/schreibkunst\/wp-content\/uploads\/2023\/06\/Plakat-212x300.jpg\" alt=\"\" width=\"212\" height=\"300\" srcset=\"https:\/\/www.luo-darmstadt.de\/schreibkunst\/wp-content\/uploads\/2023\/06\/Plakat-212x300.jpg 212w, https:\/\/www.luo-darmstadt.de\/schreibkunst\/wp-content\/uploads\/2023\/06\/Plakat.jpg 603w\" sizes=\"auto, (max-width: 212px) 100vw, 212px\" \/><\/p>\n<p>Am 12.Mai wurde der LuO-Literaturpreis zum Thema Weite verliehen. Wir gratulieren herzlich unseren Gewinner*innen:<\/p>\n<p><img loading=\"lazy\" decoding=\"async\" title=\"\" src=\"https:\/\/luo-darmstadt.de\/home\/images\/Artikel\/2022-23\/lit_preis_23.jpg\" alt=\"lit preis 23\" width=\"1200\" height=\"800\" \/><\/p>\n<p>&nbsp;<\/p>\n<p><strong>Jahrg\u00e4nge 5&amp;6\u00a0<\/strong><\/p>\n<ol>\n<li>Platz: Laura Schmelz: <a href=\"https:\/\/www.luo-darmstadt.de\/schreibkunst\/laura-schmelz-das-meer\/\">Das Meer<\/a><\/li>\n<li>Platz: Janis Kerim: <a href=\"https:\/\/www.luo-darmstadt.de\/schreibkunst\/janis-kerim-der-schatz-der-weiten-wueste-gobi\/\">Der Schatz der weiten W\u00fcste Gobi<\/a><\/li>\n<li>Platz: Katharina Keller und\u00a0<span class=\"x_ContentPasted1\">Charlotte: <a href=\"https:\/\/www.luo-darmstadt.de\/schreibkunst\/ein-weiter-weg-zum-gluecklichsein\/\">Ein weiter Weg zum Gl\u00fccklichsein<\/a><\/span><\/li>\n<\/ol>\n<p>Lyrik-Preis: Liana Flaum: <a href=\"https:\/\/www.luo-darmstadt.de\/schreibkunst\/liana-flaum-wie-weit-ist-die-zeit\/\">Wie weit ist die Zeit<\/a><\/p>\n<p><strong>Jahrg\u00e4nge 7-9\u00a0<\/strong><\/p>\n<p>2. Preis: Tom Schmidt: <a href=\"https:\/\/www.luo-darmstadt.de\/schreibkunst\/tom-schmidt-weite\/\">Weite<\/a> &amp; Salam Srour: <a href=\"https:\/\/www.luo-darmstadt.de\/schreibkunst\/salam-srour-die-weite-gedankenwelt\/\">Die weite Gedankenwelt<\/a><\/p>\n<p><strong>Jahrg\u00e4nge E-Q4\u00a0<\/strong><\/p>\n<ol>\n<li>Platz: Tim Hechler: <a href=\"https:\/\/www.luo-darmstadt.de\/schreibkunst\/tim-hechler-gedankenpost\/\">Gedankenpost<\/a><\/li>\n<li>Platz: Ella Ziegert: <a href=\"https:\/\/www.luo-darmstadt.de\/schreibkunst\/ella-ziegert-die-flut\/\">Die Flut<\/a><\/li>\n<li>Platz: Beatrix Bromberg Baldo Carvalho: <a href=\"https:\/\/www.luo-darmstadt.de\/schreibkunst\/beatrix-b-b-carvalho-edgar-egal\/\">Edgar Egal<\/a><\/li>\n<\/ol>\n<p>Lyrik-Preis: Lena Geyer: <a href=\"https:\/\/www.luo-darmstadt.de\/schreibkunst\/lena-geyer-sonne-und-unendlichkeit\/\">Sonne und Unendlichkeit<\/a><\/p>\n<p>Gleich danach, am 16.Mai konnten unsere Gewinner*innen bei Radio Darmstadt ihre Texte einlesen und waren noch am selben Abend zu h\u00f6ren. Lina und Tom nutzten die Gelegenheit und waren live bei der Moderation dabei.<\/p>\n<p><img loading=\"lazy\" decoding=\"async\" title=\"\" src=\"https:\/\/luo-darmstadt.de\/home\/images\/Artikel\/2022-23\/radar.jpg\" alt=\"radar\" width=\"1665\" height=\"800\" \/><\/p>\n<p>Im Juni wird Frau G\u00f6bel von \"Kunst und Kultur f\u00fcr alle\" die Gewinner*innen interviewen und eine weitere Sendung mit unseren Texten wird entstehen. Wir sind sehr stolz und freuen uns \u00fcber die tolle M\u00f6glichkeit f\u00fcr unsere Sieger*innen.<\/p>\n<p>&nbsp;<\/p>\n","protected":false},"excerpt":{"rendered":"<p>Am 12.Mai wurde der LuO-Literaturpreis zum Thema Weite verliehen. Wir gratulieren herzlich unseren Gewinner*innen: &nbsp; Jahrg\u00e4nge 5&amp;6\u00a0 Platz: Laura Schmelz: Das Meer Platz: Janis Kerim: Der Schatz der weiten W\u00fcste Gobi Platz: Katharina Keller und\u00a0Charlotte: Ein weiter Weg zum Gl\u00fccklichsein Lyrik-Preis: Liana Flaum: Wie weit ist die Zeit Jahrg\u00e4nge 7-9\u00a0 2. Preis: Tom Schmidt: Weite <a href=\"https:\/\/www.luo-darmstadt.de\/schreibkunst\/literaturpreis\/jahr2023\/\" class=\"more-link\">...weiterlesen<span class=\"screen-reader-text\"> \"LuO-Literaturpreis 2023\"<\/span><\/a><\/p>\n","protected":false},"author":7,"featured_media":0,"parent":669,"menu_order":0,"comment_status":"closed","ping_status":"closed","template":"","meta":{"footnotes":""},"class_list":["post-2306","page","type-page","status-publish","h-entry","hentry","h-as-page"],"_links":{"self":[{"href":"https:\/\/www.luo-darmstadt.de\/schreibkunst\/wp-json\/wp\/v2\/pages\/2306","targetHints":{"allow":["GET"]}}],"collection":[{"href":"https:\/\/www.luo-darmstadt.de\/schreibkunst\/wp-json\/wp\/v2\/pages"}],"about":[{"href":"https:\/\/www.luo-darmstadt.de\/schreibkunst\/wp-json\/wp\/v2\/types\/page"}],"author":[{"embeddable":true,"href":"https:\/\/www.luo-darmstadt.de\/schreibkunst\/wp-json\/wp\/v2\/users\/7"}],"replies":[{"embeddable":true,"href":"https:\/\/www.luo-darmstadt.de\/schreibkunst\/wp-json\/wp\/v2\/comments?post=2306"}],"version-history":[{"count":8,"href":"https:\/\/www.luo-darmstadt.de\/schreibkunst\/wp-json\/wp\/v2\/pages\/2306\/revisions"}],"predecessor-version":[{"id":2391,"href":"https:\/\/www.luo-darmstadt.de\/schreibkunst\/wp-json\/wp\/v2\/pages\/2306\/revisions\/2391"}],"up":[{"embeddable":true,"href":"https:\/\/www.luo-darmstadt.de\/schreibkunst\/wp-json\/wp\/v2\/pages\/669"}],"wp:attachment":[{"href":"https:\/\/www.luo-darmstadt.de\/schreibkunst\/wp-json\/wp\/v2\/media?parent=2306"}],"curies":[{"name":"wp","href":"https:\/\/api.w.org\/{rel}","templated":true}]}}