{"id":1490,"date":"2019-01-15T20:24:26","date_gmt":"2019-01-15T19:24:26","guid":{"rendered":"http:\/\/www.luo-darmstadt.de\/schreibkunst\/?page_id=1490"},"modified":"2022-10-03T13:29:38","modified_gmt":"2022-10-03T11:29:38","slug":"jahr2019","status":"publish","type":"page","link":"https:\/\/www.luo-darmstadt.de\/schreibkunst\/literaturpreis\/jahr2019\/","title":{"rendered":"LuO-Literaturpreis 2019"},"content":{"rendered":"<h3>\u00dcbersicht<\/h3>\n<h5>Jahrg\u00e4nge 5 &amp; 6<\/h5>\n<p>1. Platz: Raphael As - 5: Die drei kleinen W\u00f6lfe und das b\u00f6se Warzenschwein<br \/>\n1. Platz: Lais Boullosa Aubert &amp; Winne Lu - 5b: Mein fliegendes Schwein<br \/>\n2. Platz: Letitia Loring - 6b: Auszug aus meiner Fantasiegeschichte \u00fcber Feen und Werw\u00f6lfe<br \/>\n2. Platz: Ella Ziegert - 6a: <a href=\"https:\/\/www.luo-darmstadt.de\/schreibkunst\/jedes-ende-ist-ein-anfang\/\" target=\"parents\" rel=\"noopener noreferrer\">Jedes Ende ist ein Anfang<\/a><\/p>\n<h5>Jahrg\u00e4nge 7 - 9<\/h5>\n<p>1. Platz: Sophie Sch\u00f6nrock &amp; Lea Wallrabenstein - 9d: <a href=\"https:\/\/www.luo-darmstadt.de\/schreibkunst\/appell-an-7-milliarden-menschen\/\" target=\"parents\" rel=\"noopener noreferrer\">Appell an 7 Milliarden Menschen<\/a><br \/>\n2. Platz: Paulina Dauth - 8b: <a href=\"https:\/\/www.luo-darmstadt.de\/schreibkunst\/fantas-tisch\/\" target=\"parents\" rel=\"noopener noreferrer\">Fantas Tisch<\/a><br \/>\n3. Platz: Leonard Keller, Felix M\u00fc\u00dfig &amp; Bolang Xiang - 7e: <a href=\"https:\/\/www.luo-darmstadt.de\/schreibkunst\/fantastische-tierwesen\/\" target=\"parents\" rel=\"noopener noreferrer\">Fantastische Tierwesen<\/a><br \/>\n3. Platz: Malak Aderoumu - 9a: <a href=\"https:\/\/www.luo-darmstadt.de\/schreibkunst\/cameron-boyce\/\" target=\"parents\" rel=\"noopener noreferrer\">Cameron Boyce<\/a><\/p>\n<h5>Jahrg\u00e4nge E-Q4<\/h5>\n<p>1. Platz: Janne K\u00fchner - Q4: <a href=\"https:\/\/www.luo-darmstadt.de\/schreibkunst\/fantastischer-wahnsinn\/\">Fantastischer Wahnsinn<\/a><br \/>\n2. Platz: Sultan Koras - Q4: <a href=\"https:\/\/www.luo-darmstadt.de\/schreibkunst\/perspektivwechsel\/\">Einmal Perspektivwechsel ohne Milch und Zucker<\/a><br \/>\n3. Platz: Fatma Turgut - E: <a href=\"https:\/\/www.luo-darmstadt.de\/schreibkunst\/das-fantastische-wir\/\" target=\"parents\" rel=\"noopener noreferrer\">Das fantastische Wir<\/a><br \/>\n3. Platz: Mira Durak - Q2: <a href=\"https:\/\/www.luo-darmstadt.de\/schreibkunst\/es-bleibt-fantastisch\/\" target=\"parents\" rel=\"noopener noreferrer\">Es bleibt fantastisch<\/a><\/p>\n","protected":false},"excerpt":{"rendered":"<p>\u00dcbersicht Jahrg\u00e4nge 5 &amp; 6 1. Platz: Raphael As - 5: Die drei kleinen W\u00f6lfe und das b\u00f6se Warzenschwein 1. Platz: Lais Boullosa Aubert &amp; Winne Lu - 5b: Mein fliegendes Schwein 2. Platz: Letitia Loring - 6b: Auszug aus meiner Fantasiegeschichte \u00fcber Feen und Werw\u00f6lfe 2. Platz: Ella Ziegert - 6a: Jedes Ende ist <a href=\"https:\/\/www.luo-darmstadt.de\/schreibkunst\/literaturpreis\/jahr2019\/\" class=\"more-link\">...weiterlesen<span class=\"screen-reader-text\"> \"LuO-Literaturpreis 2019\"<\/span><\/a><\/p>\n","protected":false},"author":3,"featured_media":0,"parent":669,"menu_order":0,"comment_status":"closed","ping_status":"closed","template":"","meta":{"footnotes":""},"class_list":["post-1490","page","type-page","status-publish","h-entry","hentry","h-as-page"],"_links":{"self":[{"href":"https:\/\/www.luo-darmstadt.de\/schreibkunst\/wp-json\/wp\/v2\/pages\/1490","targetHints":{"allow":["GET"]}}],"collection":[{"href":"https:\/\/www.luo-darmstadt.de\/schreibkunst\/wp-json\/wp\/v2\/pages"}],"about":[{"href":"https:\/\/www.luo-darmstadt.de\/schreibkunst\/wp-json\/wp\/v2\/types\/page"}],"author":[{"embeddable":true,"href":"https:\/\/www.luo-darmstadt.de\/schreibkunst\/wp-json\/wp\/v2\/users\/3"}],"replies":[{"embeddable":true,"href":"https:\/\/www.luo-darmstadt.de\/schreibkunst\/wp-json\/wp\/v2\/comments?post=1490"}],"version-history":[{"count":10,"href":"https:\/\/www.luo-darmstadt.de\/schreibkunst\/wp-json\/wp\/v2\/pages\/1490\/revisions"}],"predecessor-version":[{"id":2117,"href":"https:\/\/www.luo-darmstadt.de\/schreibkunst\/wp-json\/wp\/v2\/pages\/1490\/revisions\/2117"}],"up":[{"embeddable":true,"href":"https:\/\/www.luo-darmstadt.de\/schreibkunst\/wp-json\/wp\/v2\/pages\/669"}],"wp:attachment":[{"href":"https:\/\/www.luo-darmstadt.de\/schreibkunst\/wp-json\/wp\/v2\/media?parent=1490"}],"curies":[{"name":"wp","href":"https:\/\/api.w.org\/{rel}","templated":true}]}}